{"id":432,"date":"2023-07-01T17:40:21","date_gmt":"2023-07-01T15:40:21","guid":{"rendered":"https:\/\/lemenuisierdelacave.fr\/?page_id=432"},"modified":"2025-08-18T21:44:03","modified_gmt":"2025-08-18T19:44:03","slug":"mes-valeurs","status":"publish","type":"page","link":"https:\/\/lemenuisierdelacave.fr\/?page_id=432","title":{"rendered":"Qui suis-je ?"},"content":{"rendered":"\t\t<div data-elementor-type=\"wp-page\" data-elementor-id=\"432\" class=\"elementor elementor-432\">\n\t\t\t\t<div class=\"elementor-element elementor-element-3e955e14 e-flex e-con-boxed e-con e-parent\" data-id=\"3e955e14\" data-element_type=\"container\">\n\t\t\t\t\t<div class=\"e-con-inner\">\n\t\t\t\t<div class=\"elementor-element elementor-element-7bd92ad2 elementor-widget elementor-widget-text-editor\" data-id=\"7bd92ad2\" data-element_type=\"widget\" data-widget_type=\"text-editor.default\">\n\t\t\t\t<div class=\"elementor-widget-container\">\n\t\t\t\t\t\t\t<figure><!-- wp:image {\"id\":795,\"sizeSlug\":\"large\",\"linkDestination\":\"none\",\"style\":{\"border\":{\"radius\":\"50px\"}}} --><p><\/p>\n<\/figure>\n<figure>\n<figure><img decoding=\"async\" style=\"border-radius: 50px;\" src=\"https:\/\/lemenuisierdelacave.fr\/wp-content\/uploads\/2023\/11\/pierre-georgel-chef-de-l-entreprise-le-menuisier-de-la-cave-personnalise-des-objets-sur-le-theme-de-la-viticulture-photo-e-b-1692191518-1024x681.jpg\" alt=\"\"><\/figure>\n<\/figure>\n<figure>\n<p><!-- \/wp:image --><\/p>\n<\/figure>\n<p><!-- \/wp:gallery --><!-- wp:paragraph --><\/p>\n<p style=\"color: rgb(36, 36, 36); text-align: start; margin: 0px 0px 12px; font-size: 20px; line-height: normal; font-family: &quot;Times New Roman&quot;; font-size-adjust: none; font-kerning: auto; font-variant-alternates: normal; font-variant-numeric: normal; font-variant-east-asian: normal; font-feature-settings: normal;\"><span data-olk-copy-source=\"MessageBody\" style=\"border: 0px; font-style: inherit; font-variant: inherit; font-weight: inherit; font-stretch: inherit; font-size: inherit; line-height: inherit; font-family: inherit; font-optical-sizing: inherit; font-size-adjust: inherit; font-kerning: none; font-feature-settings: inherit; font-variation-settings: inherit; margin: 0px; padding: 0px; vertical-align: baseline; color: inherit;\">Je m\u2019appelle <\/span><span data-olk-copy-source=\"MessageBody\" style=\"border: 0px; font-style: inherit; font-variant: inherit; font-stretch: inherit; font-size: inherit; line-height: inherit; font-family: inherit; font-optical-sizing: inherit; font-size-adjust: inherit; font-kerning: none; font-feature-settings: inherit; font-variation-settings: inherit; margin: 0px; padding: 0px; vertical-align: baseline; color: inherit;\"><b>Pierre <\/b><\/span><span data-olk-copy-source=\"MessageBody\" style=\"border: 0px; font-style: inherit; font-variant: inherit; font-weight: inherit; font-stretch: inherit; font-size: inherit; line-height: inherit; font-family: inherit; font-optical-sizing: inherit; font-size-adjust: inherit; font-kerning: none; font-feature-settings: inherit; font-variation-settings: inherit; margin: 0px; padding: 0px; vertical-align: baseline; color: inherit;\">et j\u2019ai choisi en 2021 de donner un nouvel \u00e9lan \u00e0 ma carri\u00e8re en me consacrant pleinement \u00e0 la menuiserie, un m\u00e9tier en parfaite harmonie avec mes valeurs. Form\u00e9 aux <\/span><span data-olk-copy-source=\"MessageBody\" style=\"border: 0px; font-style: inherit; font-variant: inherit; font-stretch: inherit; font-size: inherit; line-height: inherit; font-family: inherit; font-optical-sizing: inherit; font-size-adjust: inherit; font-kerning: none; font-feature-settings: inherit; font-variation-settings: inherit; margin: 0px; padding: 0px; vertical-align: baseline; color: inherit;\"><b>Compagnons du Devoir<\/b><\/span><span data-olk-copy-source=\"MessageBody\" style=\"border: 0px; font-style: inherit; font-variant: inherit; font-weight: inherit; font-stretch: inherit; font-size: inherit; line-height: inherit; font-family: inherit; font-optical-sizing: inherit; font-size-adjust: inherit; font-kerning: none; font-feature-settings: inherit; font-variation-settings: inherit; margin: 0px; padding: 0px; vertical-align: baseline; color: inherit;\"> \u00e0 Dijon, j\u2019ai obtenu mon CAP Menuisier Agenceur en 2022, avant d\u2019acqu\u00e9rir une premi\u00e8re exp\u00e9rience en atelier. Rapidement, j\u2019ai souhait\u00e9 mettre mon savoir-faire au service de cr\u00e9ations uniques, en fondant mon propre atelier.<\/span><\/p><p style=\"color: rgb(36, 36, 36); text-align: start; margin: 0px 0px 12px; font-size: 12px; line-height: normal; font-family: &quot;Times New Roman&quot;; font-size-adjust: none; font-kerning: auto; font-variant-alternates: normal; font-variant-numeric: normal; font-variant-east-asian: normal; font-feature-settings: normal; min-height: 13.8px;\"><span style=\"border: 0px; font-style: inherit; font-variant: inherit; font-weight: inherit; font-stretch: inherit; font-size: inherit; line-height: inherit; font-family: inherit; font-optical-sizing: inherit; font-size-adjust: inherit; font-kerning: none; font-feature-settings: inherit; font-variation-settings: inherit; margin: 0px; padding: 0px; vertical-align: baseline; color: inherit;\"><\/span><br><\/p><p style=\"color: rgb(36, 36, 36); text-align: start; margin: 0px 0px 12px; font-size: 20px; line-height: normal; font-family: &quot;Times New Roman&quot;; font-size-adjust: none; font-kerning: auto; font-variant-alternates: normal; font-variant-numeric: normal; font-variant-east-asian: normal; font-feature-settings: normal;\"><span style=\"border: 0px; font-style: inherit; font-variant: inherit; font-weight: inherit; font-stretch: inherit; font-size: inherit; line-height: inherit; font-family: inherit; font-optical-sizing: inherit; font-size-adjust: inherit; font-kerning: none; font-feature-settings: inherit; font-variation-settings: inherit; margin: 0px; padding: 0px; vertical-align: baseline; color: inherit;\">Un projet fondateur a marqu\u00e9 cette \u00e9volution : la r\u00e9alisation d\u2019un meuble \u00e0 vin sur mesure pour un ami. Cette exp\u00e9rience a confirm\u00e9 mon plaisir \u00e0 concevoir des pi\u00e8ces qui r\u00e9pondent \u00e0 des attentes pr\u00e9cises et a ouvert la voie \u00e0 ma sp\u00e9cialisation actuelle.<\/span><\/p><p style=\"color: rgb(36, 36, 36); text-align: start; margin: 0px 0px 12px; font-size: 12px; line-height: normal; font-family: &quot;Times New Roman&quot;; font-size-adjust: none; font-kerning: auto; font-variant-alternates: normal; font-variant-numeric: normal; font-variant-east-asian: normal; font-feature-settings: normal; min-height: 13.8px;\"><span style=\"border: 0px; font-style: inherit; font-variant: inherit; font-weight: inherit; font-stretch: inherit; font-size: inherit; line-height: inherit; font-family: inherit; font-optical-sizing: inherit; font-size-adjust: inherit; font-kerning: none; font-feature-settings: inherit; font-variation-settings: inherit; margin: 0px; padding: 0px; vertical-align: baseline; color: inherit;\"><\/span><br><\/p><p style=\"color: rgb(36, 36, 36); text-align: start; margin: 0px 0px 12px; font-size: 20px; line-height: normal; font-family: &quot;Times New Roman&quot;; font-size-adjust: none; font-kerning: auto; font-variant-alternates: normal; font-variant-numeric: normal; font-variant-east-asian: normal; font-feature-settings: normal;\"><span style=\"border: 0px; font-style: inherit; font-variant: inherit; font-weight: inherit; font-stretch: inherit; font-size: inherit; line-height: inherit; font-family: inherit; font-optical-sizing: inherit; font-size-adjust: inherit; font-kerning: none; font-feature-settings: inherit; font-variation-settings: inherit; margin: 0px; padding: 0px; vertical-align: baseline; color: inherit;\">Aujourd\u2019hui, j\u2019accompagne <\/span><span style=\"border: 0px; font-style: inherit; font-variant: inherit; font-stretch: inherit; font-size: inherit; line-height: inherit; font-family: inherit; font-optical-sizing: inherit; font-size-adjust: inherit; font-kerning: none; font-feature-settings: inherit; font-variation-settings: inherit; margin: 0px; padding: 0px; vertical-align: baseline; color: inherit;\"><b>particuliers et professionnels<\/b><\/span><span style=\"border: 0px; font-style: inherit; font-variant: inherit; font-weight: inherit; font-stretch: inherit; font-size: inherit; line-height: inherit; font-family: inherit; font-optical-sizing: inherit; font-size-adjust: inherit; font-kerning: none; font-feature-settings: inherit; font-variation-settings: inherit; margin: 0px; padding: 0px; vertical-align: baseline; color: inherit;\"> dans la cr\u00e9ation d\u2019<\/span><span style=\"border: 0px; font-style: inherit; font-variant: inherit; font-stretch: inherit; font-size: inherit; line-height: inherit; font-family: inherit; font-optical-sizing: inherit; font-size-adjust: inherit; font-kerning: none; font-feature-settings: inherit; font-variation-settings: inherit; margin: 0px; padding: 0px; vertical-align: baseline; color: inherit;\"><b>am\u00e9nagements de caves personnalis\u00e9s et d\u2019objets de d\u00e9coration<\/b><\/span><span style=\"border: 0px; font-style: inherit; font-variant: inherit; font-weight: inherit; font-stretch: inherit; font-size: inherit; line-height: inherit; font-family: inherit; font-optical-sizing: inherit; font-size-adjust: inherit; font-kerning: none; font-feature-settings: inherit; font-variation-settings: inherit; margin: 0px; padding: 0px; vertical-align: baseline; color: inherit;\"> en bois inspir\u00e9s par le terroir bourguignon. Mon travail allie tradition artisanale et design contemporain, avec une attention particuli\u00e8re port\u00e9e \u00e0 <\/span><span style=\"border: 0px; font-style: inherit; font-variant: inherit; font-stretch: inherit; font-size: inherit; line-height: inherit; font-family: inherit; font-optical-sizing: inherit; font-size-adjust: inherit; font-kerning: none; font-feature-settings: inherit; font-variation-settings: inherit; margin: 0px; padding: 0px; vertical-align: baseline; color: inherit;\"><b>l\u2019\u00e9cologie <\/b><\/span><span style=\"border: 0px; font-style: inherit; font-variant: inherit; font-weight: inherit; font-stretch: inherit; font-size: inherit; line-height: inherit; font-family: inherit; font-optical-sizing: inherit; font-size-adjust: inherit; font-kerning: none; font-feature-settings: inherit; font-variation-settings: inherit; margin: 0px; padding: 0px; vertical-align: baseline; color: inherit;\">gr\u00e2ce \u00e0 la r\u00e9utilisation de mat\u00e9riaux et au recyclage des chutes de bois.<\/span><\/p><p style=\"color: rgb(36, 36, 36); text-align: start; margin: 0px 0px 12px; font-size: 12px; line-height: normal; font-family: &quot;Times New Roman&quot;; font-size-adjust: none; font-kerning: auto; font-variant-alternates: normal; font-variant-numeric: normal; font-variant-east-asian: normal; font-feature-settings: normal; min-height: 13.8px;\"><span style=\"border: 0px; font-style: inherit; font-variant: inherit; font-weight: inherit; font-stretch: inherit; font-size: inherit; line-height: inherit; font-family: inherit; font-optical-sizing: inherit; font-size-adjust: inherit; font-kerning: none; font-feature-settings: inherit; font-variation-settings: inherit; margin: 0px; padding: 0px; vertical-align: baseline; color: inherit;\"><\/span><br><\/p><p style=\"color: rgb(36, 36, 36); text-align: start; margin: 0px 0px 12px; font-size: 20px; line-height: normal; font-family: &quot;Times New Roman&quot;; font-size-adjust: none; font-kerning: auto; font-variant-alternates: normal; font-variant-numeric: normal; font-variant-east-asian: normal; font-feature-settings: normal;\"><span style=\"border: 0px; font-style: inherit; font-variant: inherit; font-weight: inherit; font-stretch: inherit; font-size: inherit; line-height: inherit; font-family: inherit; font-optical-sizing: inherit; font-size-adjust: inherit; font-kerning: none; font-feature-settings: inherit; font-variation-settings: inherit; margin: 0px; padding: 0px; vertical-align: baseline; color: inherit;\">Chaque r\u00e9alisation est con\u00e7ue et <\/span><span style=\"border: 0px; font-style: inherit; font-variant: inherit; font-stretch: inherit; font-size: inherit; line-height: inherit; font-family: inherit; font-optical-sizing: inherit; font-size-adjust: inherit; font-kerning: none; font-feature-settings: inherit; font-variation-settings: inherit; margin: 0px; padding: 0px; vertical-align: baseline; color: inherit;\"><b>fabriqu\u00e9e int\u00e9gralement par mes soins<\/b><\/span><span style=\"border: 0px; font-style: inherit; font-variant: inherit; font-weight: inherit; font-stretch: inherit; font-size: inherit; line-height: inherit; font-family: inherit; font-optical-sizing: inherit; font-size-adjust: inherit; font-kerning: none; font-feature-settings: inherit; font-variation-settings: inherit; margin: 0px; padding: 0px; vertical-align: baseline; color: inherit;\">, du dessin \u00e0 la livraison, <\/span><span style=\"border: 0px; font-style: inherit; font-variant: inherit; font-stretch: inherit; font-size: inherit; line-height: inherit; font-family: inherit; font-optical-sizing: inherit; font-size-adjust: inherit; font-kerning: none; font-feature-settings: inherit; font-variation-settings: inherit; margin: 0px; padding: 0px; vertical-align: baseline; color: inherit;\"><b>sans interm\u00e9diaire<\/b><\/span><span style=\"border: 0px; font-style: inherit; font-variant: inherit; font-weight: inherit; font-stretch: inherit; font-size: inherit; line-height: inherit; font-family: inherit; font-optical-sizing: inherit; font-size-adjust: inherit; font-kerning: none; font-feature-settings: inherit; font-variation-settings: inherit; margin: 0px; padding: 0px; vertical-align: baseline; color: inherit;\">. J\u2019accorde une importance particuli\u00e8re \u00e0 la personnalisation : chaque projet refl\u00e8te l\u2019identit\u00e9 de son commanditaire et met en valeur l\u2019authenticit\u00e9 du bois, dont les variations naturelles font partie int\u00e9grante du charme artisanal.<\/span><\/p><p style=\"color: rgb(36, 36, 36); text-align: start; margin: 0px 0px 12px; font-size: 12px; line-height: normal; font-family: &quot;Times New Roman&quot;; font-size-adjust: none; font-kerning: auto; font-variant-alternates: normal; font-variant-numeric: normal; font-variant-east-asian: normal; font-feature-settings: normal; min-height: 13.8px;\"><span style=\"border: 0px; font-style: inherit; font-variant: inherit; font-weight: inherit; font-stretch: inherit; font-size: inherit; line-height: inherit; font-family: inherit; font-optical-sizing: inherit; font-size-adjust: inherit; font-kerning: none; font-feature-settings: inherit; font-variation-settings: inherit; margin: 0px; padding: 0px; vertical-align: baseline; color: inherit;\"><\/span><br><\/p><p style=\"color: rgb(36, 36, 36); text-align: start; margin: 0px 0px 12px; font-size: 20px; line-height: normal; font-family: &quot;Times New Roman&quot;; font-size-adjust: none; font-kerning: auto; font-variant-alternates: normal; font-variant-numeric: normal; font-variant-east-asian: normal; font-feature-settings: normal;\"><span style=\"border: 0px; font-style: inherit; font-variant: inherit; font-weight: inherit; font-stretch: inherit; font-size: inherit; line-height: inherit; font-family: inherit; font-optical-sizing: inherit; font-size-adjust: inherit; font-kerning: none; font-feature-settings: inherit; font-variation-settings: inherit; margin: 0px; padding: 0px; vertical-align: baseline; color: inherit;\">Proche du milieu viticole et ancr\u00e9 en Bourgogne, je puise mon inspiration dans la richesse des vignobles pour cr\u00e9er des pi\u00e8ces qui associent fonctionnalit\u00e9, esth\u00e9tique et singularit\u00e9.<\/span><\/p><div><span style=\"border: 0px; font-style: inherit; font-variant: inherit; font-weight: inherit; font-stretch: inherit; font-size: inherit; line-height: inherit; font-family: inherit; font-optical-sizing: inherit; font-size-adjust: inherit; font-kerning: none; font-feature-settings: inherit; font-variation-settings: inherit; margin: 0px; padding: 0px; vertical-align: baseline; color: inherit;\"><br><\/span><\/div>\n<p><!-- \/wp:paragraph --><!-- wp:paragraph {\"align\":\"center\"} --><\/p>\n<p><strong><em><mark style=\"background-color: rgba(0, 0, 0, 0);\">\u00ab\u00a0Rien ne se perd, rien ne se cr\u00e9e, tout se transforme\u00a0\u00bb<\/mark><\/em><\/strong><\/p>\n<p><!-- \/wp:paragraph --><!-- wp:paragraph {\"align\":\"center\"} --><\/p>\n<p><em><mark style=\"background-color: rgba(0, 0, 0, 0);\">Antoine Lavoisier<\/mark><\/em><\/p>\n<p><!-- \/wp:paragraph --><!-- wp:paragraph --><\/p>\n<p><\/p>\n<p><!-- \/wp:paragraph --><\/p>\t\t\t\t\t\t<\/div>\n\t\t\t\t<\/div>\n\t\t\t\t\t<\/div>\n\t\t\t\t<\/div>\n\t\t\t\t<\/div>\n\t\t","protected":false},"excerpt":{"rendered":"<p>Je m\u2019appelle Pierre et j\u2019ai choisi en 2021 de donner un nouvel \u00e9lan \u00e0 ma carri\u00e8re en me consacrant pleinement \u00e0 la menuiserie, un m\u00e9tier en parfaite harmonie avec mes valeurs. Form\u00e9 aux Compagnons du Devoir \u00e0 Dijon, j\u2019ai obtenu mon CAP Menuisier Agenceur en 2022, avant d\u2019acqu\u00e9rir une premi\u00e8re exp\u00e9rience en atelier. Rapidement, j\u2019ai [&hellip;]<\/p>\n","protected":false},"author":1,"featured_media":0,"parent":0,"menu_order":0,"comment_status":"closed","ping_status":"closed","template":"","meta":{"om_disable_all_campaigns":false,"_mi_skip_tracking":false,"_monsterinsights_sitenote_active":false,"_monsterinsights_sitenote_note":"","_monsterinsights_sitenote_category":0,"footnotes":""},"class_list":["post-432","page","type-page","status-publish","hentry"],"aioseo_notices":[],"_links":{"self":[{"href":"https:\/\/lemenuisierdelacave.fr\/index.php?rest_route=\/wp\/v2\/pages\/432","targetHints":{"allow":["GET"]}}],"collection":[{"href":"https:\/\/lemenuisierdelacave.fr\/index.php?rest_route=\/wp\/v2\/pages"}],"about":[{"href":"https:\/\/lemenuisierdelacave.fr\/index.php?rest_route=\/wp\/v2\/types\/page"}],"author":[{"embeddable":true,"href":"https:\/\/lemenuisierdelacave.fr\/index.php?rest_route=\/wp\/v2\/users\/1"}],"replies":[{"embeddable":true,"href":"https:\/\/lemenuisierdelacave.fr\/index.php?rest_route=%2Fwp%2Fv2%2Fcomments&post=432"}],"version-history":[{"count":33,"href":"https:\/\/lemenuisierdelacave.fr\/index.php?rest_route=\/wp\/v2\/pages\/432\/revisions"}],"predecessor-version":[{"id":1443,"href":"https:\/\/lemenuisierdelacave.fr\/index.php?rest_route=\/wp\/v2\/pages\/432\/revisions\/1443"}],"wp:attachment":[{"href":"https:\/\/lemenuisierdelacave.fr\/index.php?rest_route=%2Fwp%2Fv2%2Fmedia&parent=432"}],"curies":[{"name":"wp","href":"https:\/\/api.w.org\/{rel}","templated":true}]}}